{"id":25414,"date":"2017-09-14T10:43:12","date_gmt":"2017-09-14T10:43:12","guid":{"rendered":"https:\/\/cgacomercial.com.br\/?page_id=25414"},"modified":"2021-11-18T18:58:22","modified_gmt":"2021-11-18T18:58:22","slug":"about-us","status":"publish","type":"page","link":"https:\/\/cgacomercial.com.br\/?page_id=25414","title":{"rendered":"About Us"},"content":{"rendered":"\t\t<div data-elementor-type=\"wp-post\" data-elementor-id=\"25414\" class=\"elementor elementor-25414\">\n\t\t\t\t\t\t\t\t\t<section class=\"elementor-section elementor-top-section elementor-element elementor-element-b5fb0ec elementor-section-boxed elementor-section-height-default elementor-section-height-default\" data-id=\"b5fb0ec\" data-element_type=\"section\" data-settings=\"{&quot;background_background&quot;:&quot;classic&quot;}\">\n\t\t\t\t\t\t\t<div class=\"elementor-background-overlay\"><\/div>\n\t\t\t\t\t\t\t<div class=\"elementor-container elementor-column-gap-no\">\n\t\t\t\t\t<div class=\"elementor-column elementor-col-100 elementor-top-column elementor-element elementor-element-211dd39\" data-id=\"211dd39\" data-element_type=\"column\">\n\t\t\t<div class=\"elementor-widget-wrap elementor-element-populated\">\n\t\t\t\t\t\t\t\t<div class=\"elementor-element elementor-element-3b23e95 elementor-widget elementor-widget-heading\" data-id=\"3b23e95\" data-element_type=\"widget\" data-widget_type=\"heading.default\">\n\t\t\t\t<div class=\"elementor-widget-container\">\n\t\t\t<h1 class=\"elementor-heading-title elementor-size-default\">Sobre N\u00f3s<\/h1>\t\t<\/div>\n\t\t\t\t<\/div>\n\t\t\t\t<div class=\"elementor-element elementor-element-e342adf elementor-widget elementor-widget-text-editor\" data-id=\"e342adf\" data-element_type=\"widget\" data-widget_type=\"text-editor.default\">\n\t\t\t\t<div class=\"elementor-widget-container\">\n\t\t\t\t\t\t\t<p>Dinamismo, trabalho em equipe, foco em resultado, comprometimento, honestidade, conhecimento e dilig\u00eancia.<\/p>\t\t\t\t\t\t<\/div>\n\t\t\t\t<\/div>\n\t\t\t\t\t<\/div>\n\t\t<\/div>\n\t\t\t\t\t\t\t<\/div>\n\t\t<\/section>\n\t\t\t\t<section class=\"elementor-section elementor-top-section elementor-element elementor-element-536914d elementor-section-content-middle elementor-section-boxed elementor-section-height-default elementor-section-height-default\" data-id=\"536914d\" data-element_type=\"section\" data-settings=\"{&quot;background_background&quot;:&quot;classic&quot;}\">\n\t\t\t\t\t\t<div class=\"elementor-container elementor-column-gap-no\">\n\t\t\t\t\t<div class=\"elementor-column elementor-col-50 elementor-top-column elementor-element elementor-element-cd93d28\" data-id=\"cd93d28\" data-element_type=\"column\">\n\t\t\t<div class=\"elementor-widget-wrap elementor-element-populated\">\n\t\t\t\t\t\t\t\t<div class=\"elementor-element elementor-element-e9bb90e elementor-widget elementor-widget-heading\" data-id=\"e9bb90e\" data-element_type=\"widget\" data-widget_type=\"heading.default\">\n\t\t\t\t<div class=\"elementor-widget-container\">\n\t\t\t<h2 class=\"elementor-heading-title elementor-size-default\">Conhe\u00e7a a hist\u00f3ria da AtuanTI by G\u00edmel Group<\/h2>\t\t<\/div>\n\t\t\t\t<\/div>\n\t\t\t\t<div class=\"elementor-element elementor-element-aa6f5b1 elementor-widget elementor-widget-text-editor\" data-id=\"aa6f5b1\" data-element_type=\"widget\" data-widget_type=\"text-editor.default\">\n\t\t\t\t<div class=\"elementor-widget-container\">\n\t\t\t\t\t\t\t<p>Presente no mercado desde 2003, a AtuanTI by G\u00edmel Group \u00e9 composta por 4 empresas: <strong>AtuanTI Servi\u00e7os<\/strong>, <strong>AtuanTI Data Center<\/strong>, <strong>AtuanTI.com<\/strong> e <strong>G\u00edmel Tecnologia<\/strong>. Com a atua\u00e7\u00e3o conjunta delas, entrega aos clientes um vasto leque de produtos, softwares e servi\u00e7os em TI. O grupo atende o mercado corporativo e governamental, oferecendo servi\u00e7os de qualidade e sempre norteado pela miss\u00e3o de: \u201c<em>Contribuir e impactar a comunidade atrav\u00e9s da tecnologia<\/em>\u201d.<\/p>\t\t\t\t\t\t<\/div>\n\t\t\t\t<\/div>\n\t\t\t\t<div class=\"elementor-element elementor-element-e3659f4 elementor-mobile-align-left elementor-widget elementor-widget-button\" data-id=\"e3659f4\" data-element_type=\"widget\" data-widget_type=\"button.default\">\n\t\t\t\t<div class=\"elementor-widget-container\">\n\t\t\t\t\t<div class=\"elementor-button-wrapper\">\n\t\t\t<a href=\"https:\/\/cgacomercial.com.br\/?page_id=12\" class=\"elementor-button-link elementor-button elementor-size-sm\" role=\"button\">\n\t\t\t\t\t\t<span class=\"elementor-button-content-wrapper\">\n\t\t\t\t\t\t\t<span class=\"elementor-button-icon elementor-align-icon-right\">\n\t\t\t\t<i aria-hidden=\"true\" class=\"fas fa-long-arrow-alt-right\"><\/i>\t\t\t<\/span>\n\t\t\t\t\t\t<span class=\"elementor-button-text\">Servi\u00e7os<\/span>\n\t\t<\/span>\n\t\t\t\t\t<\/a>\n\t\t<\/div>\n\t\t\t\t<\/div>\n\t\t\t\t<\/div>\n\t\t\t\t\t<\/div>\n\t\t<\/div>\n\t\t\t\t<div class=\"elementor-column elementor-col-50 elementor-top-column elementor-element elementor-element-d696d53\" data-id=\"d696d53\" data-element_type=\"column\" data-settings=\"{&quot;background_background&quot;:&quot;classic&quot;}\">\n\t\t\t<div class=\"elementor-widget-wrap elementor-element-populated\">\n\t\t\t\t\t<div class=\"elementor-background-overlay\"><\/div>\n\t\t\t\t\t\t\t\t<div class=\"elementor-element elementor-element-23b8262 elementor-widget elementor-widget-image\" data-id=\"23b8262\" data-element_type=\"widget\" data-widget_type=\"image.default\">\n\t\t\t\t<div class=\"elementor-widget-container\">\n\t\t\t\t\t\t\t\t\t\t\t\t\t\t\t<img loading=\"lazy\" decoding=\"async\" width=\"250\" height=\"250\" src=\"https:\/\/cgacomercial.com.br\/wp-content\/uploads\/2021\/09\/claudia-img2-1-1-1-1.jpg\" class=\"attachment-full size-full\" alt=\"\" srcset=\"https:\/\/cgacomercial.com.br\/wp-content\/uploads\/2021\/09\/claudia-img2-1-1-1-1.jpg 250w, https:\/\/cgacomercial.com.br\/wp-content\/uploads\/2021\/09\/claudia-img2-1-1-1-1-150x150.jpg 150w\" sizes=\"auto, (max-width: 250px) 100vw, 250px\" \/>\t\t\t\t\t\t\t\t\t\t\t\t\t\t\t<\/div>\n\t\t\t\t<\/div>\n\t\t\t\t\t<\/div>\n\t\t<\/div>\n\t\t\t\t\t\t\t<\/div>\n\t\t<\/section>\n\t\t\t\t<section class=\"elementor-section elementor-top-section elementor-element elementor-element-b8cea39 elementor-section-boxed elementor-section-height-default elementor-section-height-default\" data-id=\"b8cea39\" data-element_type=\"section\" data-settings=\"{&quot;background_background&quot;:&quot;classic&quot;}\">\n\t\t\t\t\t\t<div class=\"elementor-container elementor-column-gap-no\">\n\t\t\t\t\t<div class=\"elementor-column elementor-col-100 elementor-top-column elementor-element elementor-element-17002b5\" data-id=\"17002b5\" data-element_type=\"column\">\n\t\t\t<div class=\"elementor-widget-wrap elementor-element-populated\">\n\t\t\t\t\t\t\t\t<div class=\"elementor-element elementor-element-1086b37 elementor-widget elementor-widget-heading\" data-id=\"1086b37\" data-element_type=\"widget\" data-widget_type=\"heading.default\">\n\t\t\t\t<div class=\"elementor-widget-container\">\n\t\t\t<h2 class=\"elementor-heading-title elementor-size-default\">G\u00edmel Tecnologia<\/h2>\t\t<\/div>\n\t\t\t\t<\/div>\n\t\t\t\t<div class=\"elementor-element elementor-element-37c96e6 elementor-widget elementor-widget-text-editor\" data-id=\"37c96e6\" data-element_type=\"widget\" data-widget_type=\"text-editor.default\">\n\t\t\t\t<div class=\"elementor-widget-container\">\n\t\t\t\t\t\t\t<p>Tudo come\u00e7ou quando a CEO do grupo, Claudia Gimenes Aguilar, iniciou sua primeira revenda de inform\u00e1tica aos 19 anos de idade, atuando nela por 6 anos. Ap\u00f3s isso, trabalhou 1 ano em projetos e solu\u00e7\u00f5es HP, ganhando, al\u00e9m de muitos outros pr\u00eamios, o primeiro lugar em\u00a0<em>&#8220;Maior Valor e Maior Projeto de Solu\u00e7\u00f5es High-End HP<\/em>&#8220;.<\/p><p>Com natural esp\u00edrito empreendedor e sonhando ajudar mais empresas e pessoas a simplificar a vida por meio da tecnologia fundou, em 2003, a\u00a0<strong>G\u00edmel Tecnologia<\/strong>.<\/p><p>O trabalho inicial foi dedicado \u00e0 venda de hardwares e softwares e, ap\u00f3s 3 anos, a empresa se transformou em uma parceira HP, fornecendo para seus clientes solu\u00e7\u00f5es da marca. Com a demanda crescente somada \u00e0 qualidade no servi\u00e7o prestado, os clientes come\u00e7aram a solicitar que a G\u00edmel elaborasse o projeto de TI como um todo, inclusive no que dizia respeito \u00e0 instala\u00e7\u00e3o e gerenciamento dos equipamentos comprados.<\/p><p>Para atender \u00e0s estas requisi\u00e7\u00f5es por solu\u00e7\u00f5es completas em servi\u00e7os de TI que, em 2008, nasceu a\u00a0<strong>AtuanTI Servi\u00e7os<\/strong>. A empresa foi\u00a0fundada por Claudia em sociedade com seus dois irm\u00e3os. Ambos fazem parte do time de pessoas que comercializam solu\u00e7\u00f5es e ajudam a empresa crescer a cada dia. Suportam toda a opera\u00e7\u00e3o e servi\u00e7os com apoio de um time competente e comprometido do qual eles se orgulham muito.<\/p><p>Claudia, por sua vez, com a miss\u00e3o de\u00a0se capacitar ainda mais e oferecer as melhores solu\u00e7\u00f5es de tecnologia para seus clientes, passou a buscar no exterior o que h\u00e1 de mais moderno e inovador no segmento.\u00a0O objetivo da busca pelo aprendizado internacional foi, al\u00e9m de facilitar e automatizar ao m\u00e1ximo os processos internos da empresa, poder oferecer antecipadamente aos clientes as tend\u00eancias\u00a0tecnol\u00f3gicas do mercado mundial.<\/p><p>E, desta forma, acompanhando de perto as novidades do avan\u00e7o da tecnologia, somada \u00e0 demanda crescente por seguran\u00e7a dos dados que se originaram as outras duas empresas do grupo: a\u00a0<strong>AtuanTI Data Center<\/strong>, especializada em solu\u00e7\u00f5es em Cloud e Data Center e a\u00a0<strong>AtuanTI.com,\u00a0<\/strong>a filial localizada na Calif\u00f3rnia que entrega solu\u00e7\u00f5es em SD-Wan e Firewall as a Service.<\/p>\t\t\t\t\t\t<\/div>\n\t\t\t\t<\/div>\n\t\t\t\t\t<\/div>\n\t\t<\/div>\n\t\t\t\t\t\t\t<\/div>\n\t\t<\/section>\n\t\t\t\t<section class=\"elementor-section elementor-top-section elementor-element elementor-element-844d42a elementor-section-content-middle elementor-section-boxed elementor-section-height-default elementor-section-height-default\" data-id=\"844d42a\" data-element_type=\"section\" data-settings=\"{&quot;background_background&quot;:&quot;gradient&quot;}\">\n\t\t\t\t\t\t\t<div class=\"elementor-background-overlay\"><\/div>\n\t\t\t\t\t\t\t<div class=\"elementor-container elementor-column-gap-no\">\n\t\t\t\t\t<div class=\"elementor-column elementor-col-33 elementor-top-column elementor-element elementor-element-3fb0650\" data-id=\"3fb0650\" data-element_type=\"column\" data-settings=\"{&quot;background_background&quot;:&quot;classic&quot;}\">\n\t\t\t<div class=\"elementor-widget-wrap elementor-element-populated\">\n\t\t\t\t\t\t\t\t<div class=\"elementor-element elementor-element-cbe026e elementor-widget elementor-widget-image\" data-id=\"cbe026e\" data-element_type=\"widget\" data-widget_type=\"image.default\">\n\t\t\t\t<div class=\"elementor-widget-container\">\n\t\t\t\t\t\t\t\t\t\t\t\t\t\t\t<img loading=\"lazy\" decoding=\"async\" width=\"640\" height=\"960\" src=\"https:\/\/cgacomercial.com.br\/wp-content\/uploads\/2021\/09\/furniture-1-1-1-1.jpg\" class=\"attachment-large size-large\" alt=\"\" srcset=\"https:\/\/cgacomercial.com.br\/wp-content\/uploads\/2021\/09\/furniture-1-1-1-1.jpg 640w, https:\/\/cgacomercial.com.br\/wp-content\/uploads\/2021\/09\/furniture-1-1-1-1-200x300.jpg 200w\" sizes=\"auto, (max-width: 640px) 100vw, 640px\" \/>\t\t\t\t\t\t\t\t\t\t\t\t\t\t\t<\/div>\n\t\t\t\t<\/div>\n\t\t\t\t\t<\/div>\n\t\t<\/div>\n\t\t\t\t<div class=\"elementor-column elementor-col-66 elementor-top-column elementor-element elementor-element-f30b260\" data-id=\"f30b260\" data-element_type=\"column\" data-settings=\"{&quot;background_background&quot;:&quot;classic&quot;}\">\n\t\t\t<div class=\"elementor-widget-wrap elementor-element-populated\">\n\t\t\t\t\t\t\t\t<div class=\"elementor-element elementor-element-519512d elementor-widget elementor-widget-heading\" data-id=\"519512d\" data-element_type=\"widget\" data-widget_type=\"heading.default\">\n\t\t\t\t<div class=\"elementor-widget-container\">\n\t\t\t<h3 class=\"elementor-heading-title elementor-size-default\">MISS\u00c3O & VALORES<\/h3>\t\t<\/div>\n\t\t\t\t<\/div>\n\t\t\t\t<div class=\"elementor-element elementor-element-6e5d379 elementor-widget elementor-widget-text-editor\" data-id=\"6e5d379\" data-element_type=\"widget\" data-widget_type=\"text-editor.default\">\n\t\t\t\t<div class=\"elementor-widget-container\">\n\t\t\t\t\t\t\t<p>Contribuir e impactar nossa comunidade atrav\u00e9s da tecnologia.<\/p><p>\u00a0<\/p><p>Dinamismo, trabalho em equipe, foco em resultado, comprometimento, honestidade, conhecimento e dilig\u00eancia.<\/p>\t\t\t\t\t\t<\/div>\n\t\t\t\t<\/div>\n\t\t\t\t<div class=\"elementor-element elementor-element-b7ee6d1 elementor-widget elementor-widget-button\" data-id=\"b7ee6d1\" data-element_type=\"widget\" data-widget_type=\"button.default\">\n\t\t\t\t<div class=\"elementor-widget-container\">\n\t\t\t\t\t<div class=\"elementor-button-wrapper\">\n\t\t\t<a href=\"https:\/\/cgacomercial.com.br\/?page_id=14\" class=\"elementor-button-link elementor-button elementor-size-sm\" role=\"button\">\n\t\t\t\t\t\t<span class=\"elementor-button-content-wrapper\">\n\t\t\t\t\t\t\t<span class=\"elementor-button-icon elementor-align-icon-right\">\n\t\t\t\t<i aria-hidden=\"true\" class=\"fas fa-long-arrow-alt-right\"><\/i>\t\t\t<\/span>\n\t\t\t\t\t\t<span class=\"elementor-button-text\">Clientes<\/span>\n\t\t<\/span>\n\t\t\t\t\t<\/a>\n\t\t<\/div>\n\t\t\t\t<\/div>\n\t\t\t\t<\/div>\n\t\t\t\t\t<\/div>\n\t\t<\/div>\n\t\t\t\t\t\t\t<\/div>\n\t\t<\/section>\n\t\t\t\t<section class=\"elementor-section elementor-top-section elementor-element elementor-element-39c3986 elementor-section-boxed elementor-section-height-default elementor-section-height-default\" data-id=\"39c3986\" data-element_type=\"section\" data-settings=\"{&quot;background_background&quot;:&quot;classic&quot;}\">\n\t\t\t\t\t\t<div class=\"elementor-container elementor-column-gap-no\">\n\t\t\t\t\t<div class=\"elementor-column elementor-col-100 elementor-top-column elementor-element elementor-element-49303e4\" data-id=\"49303e4\" data-element_type=\"column\">\n\t\t\t<div class=\"elementor-widget-wrap elementor-element-populated\">\n\t\t\t\t\t\t\t\t<div class=\"elementor-element elementor-element-56cee44 elementor-widget elementor-widget-heading\" data-id=\"56cee44\" data-element_type=\"widget\" data-widget_type=\"heading.default\">\n\t\t\t\t<div class=\"elementor-widget-container\">\n\t\t\t<h2 class=\"elementor-heading-title elementor-size-default\">C\u00d3DIGO DE \u00c9TICA<\/h2>\t\t<\/div>\n\t\t\t\t<\/div>\n\t\t\t\t<div class=\"elementor-element elementor-element-9dedc70 elementor-widget elementor-widget-text-editor\" data-id=\"9dedc70\" data-element_type=\"widget\" data-widget_type=\"text-editor.default\">\n\t\t\t\t<div class=\"elementor-widget-container\">\n\t\t\t\t\t\t\t<p>Nosso c\u00f3digo de \u00e9tica representa o perfil moral da nossa organiza\u00e7\u00e3o.<\/p><p>Ele estabelece o caminho a trilhar para que nosso crescimento seja sempre pautado no respeito, na transpar\u00eancia e na integridade das nassas rela\u00e7\u00f5es com colaboradores, clientes, parceiros e fornecedores.<\/p><p>A ado\u00e7\u00e3o e a implementa\u00e7\u00e3o dessas normas no nosso cotidiano mostram claramente quem somos e o que pretendemos como empresa, seja como prestadores de servi\u00e7os, seja como provedores de oportunidades de trabalho.<\/p><p>Nossa identidade tem sido pautada na seriedade, na honestidade e na transpar\u00eancia, valores que consolidam nossa posi\u00e7\u00e3o no mercado empresarial em que atuamos.\u00a0N\u00e3o podemos compactuar com a corrup\u00e7\u00e3o, em nenhum grau, n\u00e3o podemos aceitar nenhum desvio de conduta.<\/p><p>Nosso principal objetivo com c\u00f3digo de \u00e9tica \u00e9 criar diretrizes que norteiem nossa conduta e que tornem clara a responsabilidade de cada um, uma vez que a conduta \u00e9tica da empresa \u00e9 o resultado da somat\u00f3ria das responsabilidades de todos n\u00f3s, colaboradores, clientes, parceiros e fornecedores.<\/p><p>Nossa inten\u00e7\u00e3o \u00e9 estimular em cada um a ader\u00eancia e diretrizes para que, no exerc\u00edcio de suas fun\u00e7\u00f5es e no relacionamento com clientes e parceiros, cada um de n\u00f3s possa vivenciar e tornar efetivas as disposi\u00e7\u00f5es da \u00c9tica, utilizando os melhores princ\u00edpios de conduta nas a\u00e7\u00f5es e decis\u00f5es di\u00e1rias, com o objetivo de construir uma empresa melhor.<\/p><p>Acreditamos que este c\u00f3digo fortalece a imagem da AtuanTI, ao mesmo tempo que serve de base para forma\u00e7\u00e3o de profissionais \u00edntegros, com refer\u00eancias que se harmonizem aos nossos princ\u00edpios e que exer\u00e7am suas atividades dentro de padr\u00f5es profissionais moralmente elevados.<\/p>\t\t\t\t\t\t<\/div>\n\t\t\t\t<\/div>\n\t\t\t\t\t<\/div>\n\t\t<\/div>\n\t\t\t\t\t\t\t<\/div>\n\t\t<\/section>\n\t\t\t\t\t\t\t<\/div>\n\t\t","protected":false},"excerpt":{"rendered":"<p>Sobre N\u00f3s Dinamismo, trabalho em equipe, foco em resultado, comprometimento, honestidade, conhecimento e dilig\u00eancia. Conhe\u00e7a a hist\u00f3ria da AtuanTI by G\u00edmel Group Presente no mercado desde 2003, a AtuanTI by G\u00edmel Group \u00e9 composta por 4 empresas: AtuanTI Servi\u00e7os, AtuanTI Data Center, AtuanTI.com e G\u00edmel Tecnologia. Com a atua\u00e7\u00e3o conjunta delas, entrega aos clientes um &hellip;<\/p>\n<p class=\"read-more\"> <a class=\"\" href=\"https:\/\/cgacomercial.com.br\/?page_id=25414\"> <span class=\"screen-reader-text\">About Us<\/span> Leia mais &raquo;<\/a><\/p>\n","protected":false},"author":1,"featured_media":25669,"parent":0,"menu_order":0,"comment_status":"closed","ping_status":"closed","template":"elementor_header_footer","meta":{"footnotes":""},"class_list":["post-25414","page","type-page","status-publish","has-post-thumbnail","hentry"],"_links":{"self":[{"href":"https:\/\/cgacomercial.com.br\/index.php?rest_route=\/wp\/v2\/pages\/25414","targetHints":{"allow":["GET"]}}],"collection":[{"href":"https:\/\/cgacomercial.com.br\/index.php?rest_route=\/wp\/v2\/pages"}],"about":[{"href":"https:\/\/cgacomercial.com.br\/index.php?rest_route=\/wp\/v2\/types\/page"}],"author":[{"embeddable":true,"href":"https:\/\/cgacomercial.com.br\/index.php?rest_route=\/wp\/v2\/users\/1"}],"replies":[{"embeddable":true,"href":"https:\/\/cgacomercial.com.br\/index.php?rest_route=%2Fwp%2Fv2%2Fcomments&post=25414"}],"version-history":[{"count":30,"href":"https:\/\/cgacomercial.com.br\/index.php?rest_route=\/wp\/v2\/pages\/25414\/revisions"}],"predecessor-version":[{"id":25745,"href":"https:\/\/cgacomercial.com.br\/index.php?rest_route=\/wp\/v2\/pages\/25414\/revisions\/25745"}],"wp:featuredmedia":[{"embeddable":true,"href":"https:\/\/cgacomercial.com.br\/index.php?rest_route=\/wp\/v2\/media\/25669"}],"wp:attachment":[{"href":"https:\/\/cgacomercial.com.br\/index.php?rest_route=%2Fwp%2Fv2%2Fmedia&parent=25414"}],"curies":[{"name":"wp","href":"https:\/\/api.w.org\/{rel}","templated":true}]}}